5
Let k = 13 + 18. Suppose -w + 7 + k = 0. Suppose -40*v + 102 = -w*v. What is the units digit of v?
1
Suppose 297 + 1675 = 2*v + p, -4*v - 5*p + 3962 = 0. What is the hundreds digit of v?
9
Suppose -4*t + 9 = -7. Suppose 0 = -3*p - 5*k + 61, 0 = t*p + 5*k - k - 68. What is the tens digit of 171 + (6/p)/(1/2)?
7
Suppose 111*m = 187*m - 1457300. What is the tens digit of m?
7
Let l(n) be the second derivative of 11*n**4/6 + n**3/3 - 3*n**2 + n. Let t be l(3). Let h = t - 98. What is the units digit of h?
0
Let f be 2/(-15) - (-1 + (-1970)/150). Let v(c) = 4*c**2 - 42*c + 49. What is the hundreds digit of v(f)?
2
Let s(n) = -n**2 - 87. Let v be s(0). Let j = v - -40. Let y = j - -49. What is the units digit of y?
2
Let p(h) = 3*h - 59. Let u be p(11). What is the hundreds digit of -1 - (-13)/(u/(-636))?
3
Suppose -333788 = -53*u - 64*u + 26*u. What is the units digit of u?
8
Suppose -71213 = -3*t + 2*x, -59*x = -64*x + 25. What is the units digit of t?
1
Let r(t) = 19*t + 0*t**3 + 12149*t**2 + 16 + t**3 - 12130*t**2. What is the hundreds digit of r(-15)?
6
Suppose s - 78 = 4*r + 76, 0 = 4*r - 8. Suppose 0 = -155*n + s*n - 784. What is the hundreds digit of n?
1
Let j be ((-21)/42)/(2/72). What is the units digit of 3154/6 - (456/j)/19?
7
Let q = -84 + -190. Let h = q - -319. What is the units digit of h?
5
Let s = -6416 - -23057. What is the thousands digit of s?
6
What is the ten thousands digit of 787527/63 + 18 - (-4)/7?
1
Suppose -322 = -15*x - 97. Let k = 21 + 50. Suppose -x = 5*g, -2*s = 5*g - 90 - k. What is the tens digit of s?
8
Let y(h) = -4587*h - 2928. What is the tens digit of y(-14)?
9
Let w = -46 + 49. Suppose w*b = b + 5*b. Suppose -2*x + 2*j = -b*x - 6, 3*x = -2*j + 34. What is the units digit of x?
8
Let a = 555 + -1001. Let k = 963 + a. What is the hundreds digit of k?
5
Suppose 5 = 7*b - 2*b. Suppose 20 = 4*q, -4*k + q + b = -2. Suppose -j - 5*u = 9, 0*u - 26 = -k*j + u. What is the tens digit of j?
1
Suppose -17*b = 6198 + 5872. Let i = 1357 + b. What is the units digit of i?
7
Let i(r) = -2573*r + 4416. What is the ten thousands digit of i(-4)?
1
Let g(i) = 14*i - 41. Let k be g(3). What is the units digit of ((-55)/(-22))/(k/2)?
5
Let c(a) be the second derivative of -8*a**3 - 28*a**2 + 4*a - 4. What is the thousands digit of c(-28)?
1
Let n = 16074 + -7205. What is the hundreds digit of n?
8
Suppose -12*i + 57*i = 17*i + 150164. What is the tens digit of i?
6
Let s(b) = 3*b**2 + 0*b**2 + 29 + 2*b - 4*b - 3*b. Let l(n) = -n**2 + 3*n - 15. Let c(q) = 5*l(q) + 2*s(q). What is the units digit of c(8)?
7
Let g = 18 - 13. Let z(l) = -2*l**2 - 46*l - 13. Let x be z(-22). Suppose -g*r + x = -299. What is the tens digit of r?
6
Suppose -4*g + 7*n = 4*n - 41612, -5*g + 52008 = -2*n. What is the ten thousands digit of g?
1
Let r be 16/((-320)/30)*(-1112)/(-3). Let n = r + 635. What is the tens digit of n?
7
Let z(w) = -w - 20. Let u be z(-32). What is the hundreds digit of 290 - (-5 + u/4)?
2
Let a = -45 + 48. Suppose 4*k - a*q = 32, -4 - 7 = -3*k - q. Suppose -v - 325 = -3*r, 4*v + 488 + 49 = k*r. What is the units digit of r?
9
Let i(j) = 6*j**2 + 6*j + 8. Let o be (-5)/10*2 - (4 + -1). Let l be 20/o - 2/(-2). What is the units digit of i(l)?
0
Suppose -22*d = 4*d - 25220. Let r = 1392 - d. What is the tens digit of r?
2
Suppose 15*u = 14*u - 1. Let v be ((-425)/(-30))/5 + u/(-6). Suppose 3*z - 106 = 4*y, -v*z - 2*z + 4*y = -166. What is the tens digit of z?
3
Let g(p) = p**2 + 27*p - 19. Suppose -4*h + 20 = 2*w, -13*w + 18*w - 5*h = 20. What is the units digit of g(w)?
9
Let k be 2*(-3)/(-21) + (-206)/(-14). Let f(s) = 2*s - 26. Let h be f(k). Suppose -5*m - 2 = 18, c - 2 = -h*m. What is the units digit of c?
8
Suppose 2*z + 6 = 2*i + 6*z, 5*z = 5*i - 45. Let c(a) = -5*a**2 + a - i - a**3 - 7*a**2 - 6*a**2 + 12*a**2. What is the units digit of c(-8)?
3
Let b(m) = -m**2 + 20*m - 15. Let i = 16 - 33. Let w = -7 - i. What is the units digit of b(w)?
5
Let k(v) = -v + 1. Let h be k(-5). Suppose 28 = -2*u + 4*l + h, 38 = -2*u - 4*l. Let x = u - -63. What is the tens digit of x?
4
Suppose 0 = 26*l - 52*l + 104. Let y = l + 219. What is the hundreds digit of y?
2
Let m = -16519 - -29844. What is the units digit of m?
5
Let y(b) = b**2 + 13*b + 22. Let v be y(-11). Let u be v - -2*(3 - 5). What is the units digit of (-5 + 100/u)*1/(-3)?
0
Let u = 61056 - 30213. What is the thousands digit of u?
0
Let t be 83 + (-4 + 1 - 3)/2. Let l = t + -54. Let y(v) = 8*v + 68. What is the hundreds digit of y(l)?
2
Suppose -9*y - 17 - 37 = 0. What is the units digit of 3/y*(-21)/7*236?
4
Let j = 1491 - 871. Let w = j - 351. Suppose -5*g - 34 = -w. What is the tens digit of g?
4
Let f = -12715 - -35319. What is the units digit of f?
4
Let i = 207 - 120. Suppose 2*y = 90*a - 89*a + 37, -120 = -5*y - 3*a. Suppose y*d - i = 18*d. What is the units digit of d?
9
Let a(k) = -60 + 8*k + 12*k - 4*k. Let x be 24/32 + 53/4. What is the hundreds digit of a(x)?
1
Let n be (-77 + 72)/(2/(-4)). What is the tens digit of 24*n*-16*(-12)/90?
1
Suppose a - 10 = 2*d, 8 - 12 = 2*d. Suppose -2*b = 2*q - 3646, 4*b = 3*q + a*b - 5467. What is the units digit of q?
1
Suppose -3*i - 16*x = -221664, -405130 = -5*i - 5*x - 35625. What is the hundreds digit of i?
9
Let f be 1/(1/(-1058)*-2). Suppose 1071 + f = 8*r. Suppose -26*c + r = -24*c. What is the hundreds digit of c?
1
What is the hundreds digit of 6475/50*4464/28 - 3?
6
What is the hundreds digit of (-192814)/17*(-1)/5 + (-9)/(-15)?
2
Let r(c) = c**3 - 3*c**2 - 18*c + 4. Let k be r(6). Suppose o - 16 = -k*i - 3*o, -o = 2*i - 4. What is the tens digit of 171 - i - (-1 - (-3 - -2))?
7
Suppose -29*c = 79293 - 1882919. What is the thousands digit of c?
2
Suppose 4*p + p - 30 = 0. What is the tens digit of (-3)/((-9)/p)*383?
6
Let r = -11083 + 21251. What is the units digit of r?
8
Suppose 0 = -5*p - 729 + 2229. Suppose -4*w - 70 = -d - 1, -4*w = -4*d + p. What is the tens digit of d?
7
Let h = 10069 + -6619. What is the units digit of h?
0
Let f(l) = l**2 - 38*l - 660. What is the thousands digit of f(-86)?
0
Suppose 7171 = -10*y - 8089. Let h = -258 - y. What is the units digit of h?
8
Let t(d) = -12*d**3 + d**2 + 5*d + 5. Let c be t(-2). Suppose 30 = c*b - 89*b. Suppose 0*f + b*f = -x + 196, -4*x + 659 = -5*f. What is the units digit of x?
1
Suppose 5*r - 59640 = -3*l, 4*r - 6*r + 4*l = -23856. What is the ten thousands digit of r?
1
What is the ten thousands digit of 365266/4*(-304)/(-836)?
3
Let a(x) = -228*x - 4356. What is the hundreds digit of a(-42)?
2
Let c(m) = -11*m**2 - 24*m - 3. Let i be c(-2). Let j(a) = 312*a**3 - 10*a**2 + 8*a + 2. What is the units digit of j(i)?
2
Suppose -43*d + 153744 = -152631. What is the units digit of d/10*(-10)/(-15)?
5
Let d be (49 - 5) + 0 + -2 + 3. Suppose c - d = -2*q, 0*c - 20 = -q + 2*c. Suppose 2*a - q - 18 = 0. What is the tens digit of a?
2
Suppose -72272 - 38262 = -34*n. What is the tens digit of n?
5
Suppose 2*p = 7*p - 2*i - 15, -2*p = 4*i - 6. Let j(x) = 13*x + 3. Let d be j(p). Let w = d + 4. What is the units digit of w?
6
Let s = 17226 - 3923. What is the units digit of s?
3
Let q(v) = -v**3 - v**2 - 4*v + 3. Let d(g) = g**3 + 5*g - 4. Let f = -11 + 17. Let m(t) = f*q(t) + 5*d(t). What is the units digit of m(-7)?
0
Let y(k) = 1 - 30*k - 24*k + 70*k. Let i be y(3). Suppose i*l + 654 = 55*l. What is the tens digit of l?
0
Let g be 1235/(-4) - 22/88. Let h = g - -436. What is the hundreds digit of h?
1
What is the thousands digit of (-16086)/(-3447)*(6/(-15) - (-43418)/20)?
0
Suppose -123 = -7*o + 115. Suppose 28 = -2*x + o. What is the units digit of 5/10*(0 + 180/x)?
0
Let w(l) be the second derivative of l**5/20 - l**4/6 - 5*l**3/6 - 11*l**2 - 40*l. What is the tens digit of w(7)?
8
Let h be (-14 - -4)/2*-1. Suppose 0 = h*j - 387 + 87. What is the units digit of j?
0
Let j(d) = -12*d**2 - d - 1. Suppose 3*y + 3*w + 5 = w, -4*y = 4*w + 12. Let q be j(y). Let r(m) = m**3 + 16*m**2 + 16*m + 4. What is the units digit of r(q)?
2
Let v(y) = 3*y**2 - 2*y**2 + 2 + 0 - 8*y + 0. Let d be v(7). What is the tens digit of d*((-4)/(-22) + 1008/(-220))?
2
Let t(p) = 146*p - 56 + 148 - 83 - 69. What is the units digit of t(3)?
8
Let m be 4*(-6)/120 + 148/(-10). Let f be -4 + 53